89
What are the prime factors of 2663873?
521, 5113
List the prime factors of 480191.
631, 761
What are the prime factors of 143981?
143981
What are the prime factors of 119347?
23, 5189
List the prime factors of 5864891.
5864891
List the prime factors of 417057.
3, 43, 53, 61
What are the prime factors of 1483759?
1483759
List the prime factors of 222169.
29, 47, 163
List the prime factors of 1765565.
5, 271, 1303
What are the prime factors of 1103481?
3, 122609
List the prime factors of 710207.
710207
What are the prime factors of 27403245?
3, 5, 202987
List the prime factors of 4284806.
2, 2142403
What are the prime factors of 578776?
2, 11, 6577
List the prime factors of 9869005.
5, 31, 63671
List the prime factors of 1237853.
1237853
What are the prime factors of 278827?
278827
List the prime factors of 2183509.
2183509
List the prime factors of 4637626.
2, 7, 331259
What are the prime factors of 14289244?
2, 43, 83077
List the prime factors of 1267150.
2, 5, 25343
What are the prime factors of 690599?
7, 13, 7589
What are the prime factors of 905879?
13, 17, 4099
List the prime factors of 164915.
5, 32983
What are the prime factors of 270192?
2, 3, 13, 433
List the prime factors of 27855.
3, 5, 619
What are the prime factors of 7563197?
19, 398063
What are the prime factors of 10641697?
11, 967427
List the prime factors of 1043016.
2, 3, 13, 3343
What are the prime factors of 244657?
7, 4993
List the prime factors of 2099217.
3, 43, 16273
What are the prime factors of 10018138?
2, 13, 509, 757
List the prime factors of 151790.
2, 5, 43, 353
List the prime factors of 158197.
13, 43, 283
List the prime factors of 106580.
2, 5, 73
List the prime factors of 315851.
315851
List the prime factors of 3759316.
2, 11, 85439
List the prime factors of 194808.
2, 3, 8117
What are the prime factors of 5340396?
2, 3, 445033
What are the prime factors of 1048200?
2, 3, 5, 1747
List the prime factors of 2215792.
2, 79, 1753
What are the prime factors of 2210384?
2, 11, 19, 661
List the prime factors of 312497.
137, 2281
What are the prime factors of 4731578?
2, 2365789
What are the prime factors of 6338053?
101, 62753
List the prime factors of 192850.
2, 5, 7, 19, 29
What are the prime factors of 3254718?
2, 3, 17, 1877
What are the prime factors of 22974739?
22974739
List the prime factors of 363708.
2, 3, 10103
What are the prime factors of 446971?
7, 63853
What are the prime factors of 25648293?
3, 11, 777221
List the prime factors of 867120.
2, 3, 5, 3613
List the prime factors of 5951026.
2, 2975513
List the prime factors of 20657017.
47, 439511
List the prime factors of 2116502.
2, 41, 53, 487
List the prime factors of 17459407.
7, 2494201
List the prime factors of 5166045.
3, 5, 17, 2251
What are the prime factors of 210937?
37, 5701
List the prime factors of 3080926.
2, 19, 81077
What are the prime factors of 5482583?
19, 101, 2857
What are the prime factors of 239801?
29, 8269
What are the prime factors of 12207251?
7, 103, 16931
What are the prime factors of 202210?
2, 5, 73, 277
List the prime factors of 949834.
2, 474917
What are the prime factors of 2816003?
41, 68683
What are the prime factors of 551665?
5, 19, 5807
List the prime factors of 206910.
2, 3, 5, 11, 19
What are the prime factors of 282144?
2, 3, 2939
List the prime factors of 1765670.
2, 5, 19, 9293
List the prime factors of 885348.
2, 3, 24593
What are the prime factors of 680292?
2, 3, 6299
List the prime factors of 11715274.
2, 149, 39313
List the prime factors of 152953.
152953
List the prime factors of 258250.
2, 5, 1033
List the prime factors of 1638734.
2, 819367
What are the prime factors of 4173022?
2, 7, 347, 859
List the prime factors of 633069.
3, 23447
List the prime factors of 3138888.
2, 3, 130787
List the prime factors of 5539139.
2213, 2503
List the prime factors of 290242.
2, 145121
List the prime factors of 2995167.
3, 7, 193, 739
List the prime factors of 5774149.
5774149
What are the prime factors of 414793?
414793
List the prime factors of 3458293.
17, 203429
List the prime factors of 80156.
2, 29, 691
What are the prime factors of 1317540?
2, 3, 5, 7, 3137
List the prime factors of 12312320.
2, 5, 9619
List the prime factors of 5709387.
3, 641, 2969
List the prime factors of 20104599.
3, 23, 291371
What are the prime factors of 88017?
3, 29339
What are the prime factors of 39329845?
5, 73, 277, 389
What are the prime factors of 1442634?
2, 3, 29, 8291
What are the prime factors of 3945450?
2, 3, 5, 29, 907
What are the prime factors of 2251742?
2, 1125871
What are the prime factors of 1396755?
3, 5, 31039
List the prime factors of 397323.
3, 131, 337
List the prime factors of 110649.
3, 7, 11, 479
List the prime factors of 17350514.
2, 31, 279847
List the prime factors of 18325489.
7, 13, 277, 727
What are the prime factors of 161546?
2, 7, 11, 1049
What are the prime factors of 170912?
2, 7, 109
What are the prime factors of 492666?
2, 3, 157, 523
List the prime factors of 15558843.
3, 61, 85021
What are the prime factors of 211576?
2, 53, 499
What are the prime factors of 1244838?
2, 3, 7, 107, 277
What are the prime factors of 21346093?
23, 241, 3851
What are the prime factors of 6666723?
3, 7, 29, 41, 89
What are the prime factors of 1012768?
2, 31649
List the prime factors of 2559822.
2, 3, 426637
What are the prime factors of 16154882?
2, 491, 16451
List the prime factors of 777739.
487, 1597
What are the prime factors of 794874?
2, 3, 137, 967
What are the prime factors of 2766881?
13, 212837
What are the prime factors of 3699025?
5, 11, 13451
List the prime factors of 341622.
2, 3, 18979
What are the prime factors of 24531500?
2, 5, 7, 43, 163
List the prime factors of 144672.
2, 3, 11, 137
List the prime factors of 1411240.
2, 5, 35281
What are the prime factors of 446974?
2, 11, 1847
What are the prime factors of 191755?
5, 38351
List the prime factors of 210318.
2, 3, 35053
What are the prime factors of 143408?
2, 8963
What are the prime factors of 2435829?
3, 11, 223, 331
List the prime factors of 1020983.
83, 12301
List the prime factors of 61844.
2, 15461
List the prime factors of 445507.
445507
What are the prime factors of 908572?
2, 7, 37, 877
What are the prime factors of 2808302?
2, 7, 29, 6917
What are the prime factors of 80101?
7, 11443
What are the prime factors of 3570070?
2, 5, 7, 51001
What are the prime factors of 836284?
2, 209071
What are the prime factors of 8525798?
2, 4262899
List the prime factors of 16796732.
2, 4199183
What are the prime factors of 265161?
3, 13, 523
What are the prime factors of 13778919?
3, 7, 11, 59, 337
What are the prime factors of 4854623?
4854623
List the prime factors of 2770704.
2, 3, 71, 271
What are the prime factors of 28816?
2, 1801
What are the prime factors of 646556?
2, 161639
What are the prime factors of 1495425?
3, 5, 127, 157
List the prime factors of 788469.
3, 11, 23893
List the prime factors of 924467.
131, 7057
List the prime factors of 23283780.
2, 3, 5, 13, 29851
What are the prime factors of 377502?
2, 3, 17, 3701
What are the prime factors of 160295?
5, 32059
What are the prime factors of 13916408?
2, 11, 158141
What are the prime factors of 4687782?
2, 3, 11, 587
What are the prime factors of 1428561?
3, 17, 9337
List the prime factors of 199257.
3, 17, 3907
What are the prime factors of 10253107?
37, 181, 1531
What are the prime factors of 227873?
227873
List the prime factors of 152940.
2, 3, 5, 2549
List the prime factors of 6721295.
5, 7, 192037
List the prime factors of 210161.
7, 4289
What are the prime factors of 1038764?
2, 259691
List the prime factors of 360855.
3, 5, 11
List the prime factors of 20331.
3, 251
List the prime factors of 901873.
7, 19, 6781
What are the prime factors of 9212765?
5, 23, 80111
List the prime factors of 1708076.
2, 167, 2557
What are the prime factors of 279093?
3, 31, 3001
List the prime factors of 770209.
11, 70019
List the prime factors of 445322.
2, 19, 11719
List the prime factors of 98156.
2, 53, 463
List the prime factors of 1052777.
11, 95707
List the prime factors of 8080225.
5, 19, 17011
What are the prime factors of 9985536?
2, 3, 11, 197
What are the prime factors of 7272347?
23, 316189
What are the prime factors of 253